47*u + 13853. What is h(-56)?
21
Let g(n) = 196*n + 32608. Calculate g(-166).
72
Let b(u) = 1098*u - 11440. What is b(10)?
-460
Let t(h) = -3*h**3 + 97491*h - 194980. Give t(2).
-22
Let p(z) = 107*z - 6662. Calculate p(51).
-1205
Let k(o) = 3596*o + 1118718. What is k(-311)?
362
Let a(g) = -g**2 + 752*g - 23532. Calculate a(720).
-492
Let c(n) = -n**3 + 60*n**2 + 1702*n - 14. Give c(-21).
-35
Let z(v) = -v**3 - 248*v**2 + 27472*v + 87. Give z(83).
4
Let p(k) = 2097*k - 13927. Determine p(6).
-1345
Let a(g) = -54*g**2 + 10944*g + 10938. Give a(-1).
-60
Let z(n) = -89*n + 24278. What is z(248)?
2206
Let z(b) = 2*b**3 - 404*b**2 - 449*b + 6467. Calculate z(203).
-2262
Let h(m) = 4473*m**2 - 1578970*m + 350. Give h(353).
-3
Let f(t) = 355*t + 43043. Determine f(-122).
-267
Let d(k) = k**3 - 31*k**2 + 216*k - 19. Give d(10).
41
Let g(n) = 321816*n + 1930901. Give g(-6).
5
Let d(t) = -315348*t + 9775815. What is d(31)?
27
Let t(u) = u**3 + 232*u**2 + 4031*u - 292. Give t(-19).
12
Let g(j) = 5010*j - 1062173. Determine g(212).
-53
Let t(a) = 54*a**2 - 421*a + 556. Give t(6).
-26
Let z(h) = -54*h - 1616. Determine z(12).
-2264
Let p(w) = -16462*w + 115399. What is p(7)?
165
Let f(s) = -3573*s + 496714. Give f(139).
67
Let v(i) = i**2 + 1374*i - 43592. Determine v(31).
-37
Let s(d) = -d**3 - 18*d**2 - 46*d - 188. Calculate s(-18).
640
Let j(m) = m**3 - 31*m**2 + 41*m - 36. Give j(25).
-2761
Let u(g) = 3977*g + 19895. Calculate u(-5).
10
Let g(u) = -284714*u + 62067655. Determine g(218).
3
Let f(p) = 205*p**2 + 3895*p + 11. Give f(-19).
11
Let d(r) = -3589*r + 1033628. Determine d(288).
-4
Let p(x) = -43*x - 5502. Determine p(-72).
-2406
Let o(y) = 3*y**3 - 3*y**2 - 409*y + 2069. Give o(5).
324
Let p(f) = 1017*f + 3951. Determine p(-4).
-117
Let j(r) = -14*r**3 - 40*r**2 + 33*r + 5. Calculate j(1).
-16
Let l(k) = -3181*k - 50914. Give l(-16).
-18
Let z(x) = x**2 - 38963*x + 545243. Calculate z(14).
-43
Let s(i) = 645*i + 14077. Determine s(-22).
-113
Let v(r) = 26*r**2 - 255*r - 3901. What is v(18)?
-67
Let h(j) = 2*j**2 + 196*j - 206. Calculate h(-90).
-1646
Let k(u) = 46180*u + 1847130. Give k(-40).
-70
Let u(h) = 1291*h - 220739. Give u(171).
22
Let s(r) = -2*r**3 - 38*r**2 - 36*r - 3. Calculate s(-18).
-3
Let i(k) = k**3 - 57*k**2 + 724*k + 338. Calculate i(20).
18
Let p(y) = y**3 - 46*y**2 + 353*y - 346. Calculate p(36).
-598
Let o(q) = -92*q**2 - 2120*q - 8344. Calculate o(-18).
8
Let w(t) = 37*t**2 + 1998*t + 28. Give w(-54).
28
Let d(b) = 2*b**3 + 59*b**2 + 373*b + 59. Give d(-9).
23
Let d(v) = -3*v**2 + 293*v - 6034. What is d(68)?
18
Let h(n) = -2*n**3 - 56*n**2 - 10*n - 199. Give h(-28).
81
Let s(m) = -241*m**2 + 5324*m - 206. Calculate s(22).
278
Let t(x) = 72*x**3 - 27*x**2 - 69*x + 41. Determine t(-3).
-1939
Let w(b) = -b**3 + 32*b**2 - 720*b + 23039. Give w(32).
-1
Let q(a) = a**3 - 31*a**2 - 108*a + 965. Determine q(33).
-421
Let a(h) = -3445*h + 10152. Determine a(3).
-183
Let c(o) = -54082*o + 486475. Give c(9).
-263
Let v(a) = 27573*a + 137892. Give v(-5).
27
Let q(s) = -s**3 + 376*s**2 + 1902*s - 18. What is q(-5)?
-3
Let h(a) = -2*a**3 - 53*a**2 + 75*a - 119. Determine h(-28).
133
Let u(q) = q**2 - 146*q - 2089. Give u(-16).
503
Let j(b) = 15423*b + 107973. Give j(-7).
12
Let b(h) = -13956*h - 446598. Calculate b(-32).
-6
Let i(j) = -1471*j + 51341. Give i(35).
-144
Let b(l) = 90187*l - 541363. Give b(6).
-241
Let i(s) = s**3 + 284*s**2 + 2634*s + 117570. Calculate i(-276).
-6
Let g(l) = 4473*l - 84964. Determine g(19).
23
Let a(x) = 2*x**2 + 63*x + 172. Give a(-30).
82
Let k(h) = h**3 - 187*h**2 + 5661*h + 95. Calculate k(38).
57
Let r(a) = 11*a**2 - 1231*a - 124. Calculate r(112).
-12
Let s(y) = 4*y**3 - 8*y**2 - 9*y + 76. What is s(5)?
331
Let a(n) = 33*n**2 - 456*n + 1311. Determine a(10).
51
Let r(y) = 129232*y - 2067721. Calculate r(16).
-9
Let c(r) = 14*r**3 - 516*r**2 - 1866*r + 4236. Determine c(40).
-4
Let a(i) = 8*i**3 + 362*i**2 + 781*i + 254. Calculate a(-43).
-47
Let j(n) = 5*n**3 + 74*n**2 - 48*n - 494. What is j(-15)?
1
Let w(z) = -163942*z + 163939. Determine w(1).
-3
Let u(d) = -10*d**3 + 523*d**2 - 2069*d + 7. Give u(48).
-233
Let k(n) = -6*n**2 + 19024*n - 6616375. Calculate k(2773).
3
Let d(c) = c**2 - 140*c + 3891. Calculate d(35).
216
Let u(f) = -f**3 + 443*f**2 + 51*f - 22571. Determine u(443).
22
Let s(b) = b**3 + 51*b**2 + 113*b - 70. Determine s(-3).
23
Let h(u) = u**3 - 6*u**2 - 20*u - 52. Calculate h(7).
-143
Let c(a) = -4*a**3 + 51*a**2 - 59*a + 337. What is c(12)?
61
Let z(y) = 15*y**2 + 278*y - 4315. Calculate z(10).
-35
Let u(h) = -5*h**3 + 643*h**2 - 7023*h + 849799. Determine u(128).
7
Let p(w) = -w**2 + 11872*w + 106891. Calculate p(-9).
-38
Let r(p) = 3950*p - 27706. Calculate r(7).
-56
Let f(y) = -2385*y + 23846. Give f(10).
-4
Let x(z) = 2881*z - 31184. Give x(11).
507
Let x(k) = -18*k**2 - 529*k - 234. Determine x(-25).
1741
Let k(u) = 664*u + 12576. Determine k(-19).
-40
Let h(y) = -4575*y + 123544. Give h(27).
19
Let i(v) = v**3 + 57*v**2 + 4449*v + 261406. Determine i(-58).
0
Let g(u) = 1094*u - 109390. Determine g(100).
10
Let a(p) = 2*p**3 - 277*p**2 + 411*p + 11. Give a(137).
11
Let x(t) = 3194*t - 9552. Calculate x(3).
30
Let t(v) = -v**2 + 149*v - 5197. Determine t(99).
-247
Let z(d) = 17*d**2 - 5324*d + 983. Determine z(313).
44
Let c(r) = -8*r**2 + 5092*r - 17728. Give c(633).
-4
Let p(a) = 774*a**2 + 352183*a + 5920. Calculate p(-455).
5
Let t(b) = 302*b**2 - 12950*b - 1543. Give t(43).
5
Let q(t) = -46*t**2 + 146*t + 145. What is q(5)?
-275
Let q(s) = -9*s**3 + 11*s**2 + 296*s - 1254. Determine q(4).
-470
Let v(k) = k**3 + 17*k**2 - 530*k - 65. Determine v(-33).
1
Let w(x) = -579*x - 20306. What is w(-35)?
-41
Let h(w) = -4*w**2 + 485*w - 806. Determine h(122).
-1172
Let q(w) = -w**2 - 835*w - 142487. Calculate q(-239).
-43
Let t(n) = 18*n**3 - 4887*n**2 + 2437*n + 520. Determine t(271).
-22
Let l(u) = -2*u**2 - 2466*u - 111486. Give l(-47).
-2
Let a(g) = 11*g**3 + g**2 - 519*g + 1038. What is a(2)?
92
Let f(p) = 25*p**3 + 1373*p**2 + 1349*p - 26. Determine f(-1).
-27
Let h(n) = -4*n**2 - 196*n - 6. Determine h(-51).
-414
Let y(s) = 2*s**3 - 144*s**2 + 18*s - 1298. Calculate y(72).
-2
Let i(x) = 11517*x + 241316. Give i(-21).
-541
Let t(m) = -10959*m + 6158849. Determine t(562).
-109
Let t(n) = 324*n - 193032. Determine t(596).
72
Let a(t) = t**3 - 15*t**2 + 89*t - 734. Determine a(8).
-470
Let o(v) = 761459*v + 25128151. Calculate o(-33).
4
Let y(i) = -6*i**3 - 5100*i**2 + 35993*i - 855. What is y(-857)?
2
Let u(f) = -8*f**2 - 1744*f - 3475. Calculate u(-2).
-19
Let n(w) = -15*w**3 + 84*w**2 + 44*w - 15. Give n(7).
-736
Let w(x) = -116663*x + 1633287. Determine w(14).
5
Let m(u) = 1513*u + 98372. Determine m(-65).
27
Let t(v) = -1860*v - 39014. What is t(-21)?
46
Let a(n) = -n**3 + 8*n**2 - 19*n + 276. What is a(6)?
234
Let n(j) = -8*j + 491. Determine n(41).
163
Let d(j) = j**3 - 63*j**2 + 459*j + 95. Calculate d(9).
-148
Let y(k) = -78410*k - 470468. Determine y(-6).
-8
Let t(g) = g**3 + 65*g**2 - 80*g - 4814. Determine t(-65).
386
Let l(p) = -p**2 + 300*p + 181811. Give l(-302).
7
Let z(m) = -338*m**2 - 884*m + 1856. Give z(-4).
-16
Let p(u) = -534*u - 61398. What is p(-115)?
12
Let h(w) = 4*w**3 - 86*w**2 + 89*w - 163. What is h(20)?
-783
Let s(h) = -3048*h - 6153. Determine s(-2).
-57
Let j(p) = -3*p**2 - 1046*p - 6230. Calculate j(-6).
-62
Let t(x) = -4*x**2 + 12*x + 55. Give t(0).
55
Let x(i) = -34*i - 4881. Determine x(-61).
-2807
Let q(d) = -3093*d - 2432. Calculate q(-1).
661
Let y(i) = 9*i**3 - 1477*i**2 - 1323*i + 495. Determine y(165).
0
Let a(k) = 16*k**2 + 5728*k - 5761. Determine a(-359).
-17
Let j(t) = -1807*t + 68836. Give j(39).
-1637
Let q(t) = -9*t**3 + 180*t**2 - 425*t - 616. What is q(17)?
-38
Let k(d) = 4*d**2 + 119*d - 586. Give k(-39).
857
Let w(z) = z**3 + 2890*z**2 + 37445*z + 571. Give w(-13).
-1
Let i(y) = 379*y - 30227. Determine i(79).
-286
Let z(r) = 41485*r - 3775168. What is z(91)?
-33
Let f(g) = g**3 - 151*g**2 + 2630*g + 7. Calculate f(20).
207
Let o(c) = 188*c**2 + 11832*c - 767. Determine o(-63).
-11
Let c(j) = -222*j**2 + 4*j + 2176. What is c(0)?
2176
Let t(j) = 3626*j - 14453. Calculate t(4).
51
Let d(w) = -7*w**2 - 19532*w - 58540. D